{"id":142,"date":"2024-10-09T15:33:57","date_gmt":"2024-10-09T15:33:57","guid":{"rendered":"https:\/\/esraercankuafor.com\/?page_id=142"},"modified":"2024-10-09T15:49:28","modified_gmt":"2024-10-09T15:49:28","slug":"kurumsal","status":"publish","type":"page","link":"https:\/\/esraercankuafor.com\/?page_id=142","title":{"rendered":"Kurumsal"},"content":{"rendered":"\t\t<div data-elementor-type=\"wp-page\" data-elementor-id=\"142\" class=\"elementor elementor-142\">\n\t\t\t\t<div class=\"elementor-element elementor-element-4b60f0c e-flex e-con-boxed e-con e-parent\" data-id=\"4b60f0c\" data-element_type=\"container\" data-settings=\"{&quot;background_background&quot;:&quot;classic&quot;}\">\n\t\t\t\t\t<div class=\"e-con-inner\">\n\t\t<div class=\"elementor-element elementor-element-68e27e6 e-con-full e-flex e-con e-child\" data-id=\"68e27e6\" data-element_type=\"container\">\n\t\t\t\t<\/div>\n\t\t<div class=\"elementor-element elementor-element-4b7be0d e-con-full e-flex e-con e-child\" data-id=\"4b7be0d\" data-element_type=\"container\">\n\t\t\t\t<div class=\"elementor-element elementor-element-c64bba5 elementor-widget elementor-widget-heading\" data-id=\"c64bba5\" data-element_type=\"widget\" data-widget_type=\"heading.default\">\n\t\t\t\t<div class=\"elementor-widget-container\">\n\t\t\t<h2 class=\"elementor-heading-title elementor-size-default\">Kurumsal<\/h2>\t\t<\/div>\n\t\t\t\t<\/div>\n\t\t\t\t<\/div>\n\t\t<div class=\"elementor-element elementor-element-f73855a e-con-full e-flex e-con e-child\" data-id=\"f73855a\" data-element_type=\"container\">\n\t\t\t\t<\/div>\n\t\t<div class=\"elementor-element elementor-element-76d6dd9 e-con-full e-flex e-con e-child\" data-id=\"76d6dd9\" data-element_type=\"container\">\n\t\t\t\t<\/div>\n\t\t\t\t\t<\/div>\n\t\t\t\t<\/div>\n\t\t<div class=\"elementor-element elementor-element-c699fba e-flex e-con-boxed e-con e-parent\" data-id=\"c699fba\" data-element_type=\"container\" data-settings=\"{&quot;background_background&quot;:&quot;classic&quot;}\">\n\t\t\t\t\t<div class=\"e-con-inner\">\n\t\t<div class=\"elementor-element elementor-element-d6d83ea e-con-full e-flex e-con e-child\" data-id=\"d6d83ea\" data-element_type=\"container\">\n\t\t\t\t<div class=\"elementor-element elementor-element-bc5ab0a elementor-widget__width-initial elementor-widget elementor-widget-image\" data-id=\"bc5ab0a\" data-element_type=\"widget\" data-widget_type=\"image.default\">\n\t\t\t\t<div class=\"elementor-widget-container\">\n\t\t\t\t\t\t\t\t\t\t\t\t\t<img fetchpriority=\"high\" decoding=\"async\" width=\"682\" height=\"1024\" src=\"https:\/\/esraercankuafor.com\/wp-content\/uploads\/2024\/10\/pngwing.com-29-1023x1536-1-682x1024.png\" class=\"attachment-large size-large wp-image-152\" alt=\"\" srcset=\"https:\/\/esraercankuafor.com\/wp-content\/uploads\/2024\/10\/pngwing.com-29-1023x1536-1-682x1024.png 682w, https:\/\/esraercankuafor.com\/wp-content\/uploads\/2024\/10\/pngwing.com-29-1023x1536-1-200x300.png 200w, https:\/\/esraercankuafor.com\/wp-content\/uploads\/2024\/10\/pngwing.com-29-1023x1536-1-768x1153.png 768w, https:\/\/esraercankuafor.com\/wp-content\/uploads\/2024\/10\/pngwing.com-29-1023x1536-1.png 1023w\" sizes=\"(max-width: 682px) 100vw, 682px\" \/>\t\t\t\t\t\t\t\t\t\t\t\t\t<\/div>\n\t\t\t\t<\/div>\n\t\t\t\t<\/div>\n\t\t<div class=\"elementor-element elementor-element-17b5d40 e-con-full e-flex e-con e-child\" data-id=\"17b5d40\" data-element_type=\"container\">\n\t\t\t\t<div class=\"elementor-element elementor-element-6208e65 elementor-widget elementor-widget-image\" data-id=\"6208e65\" data-element_type=\"widget\" data-widget_type=\"image.default\">\n\t\t\t\t<div class=\"elementor-widget-container\">\n\t\t\t\t\t\t\t\t\t\t\t\t\t<img decoding=\"async\" width=\"300\" height=\"98\" src=\"https:\/\/esraercankuafor.com\/wp-content\/uploads\/2024\/10\/logo.png\" class=\"attachment-large size-large wp-image-16\" alt=\"\" \/>\t\t\t\t\t\t\t\t\t\t\t\t\t<\/div>\n\t\t\t\t<\/div>\n\t\t\t\t<div class=\"elementor-element elementor-element-251ebd2 elementor-widget elementor-widget-text-editor\" data-id=\"251ebd2\" data-element_type=\"widget\" data-widget_type=\"text-editor.default\">\n\t\t\t\t<div class=\"elementor-widget-container\">\n\t\t\t\t\t\t\t<p>Merhaba, ben Esra Ercan. G\u00fczellik ve ki\u015fisel bak\u0131m alan\u0131nda 10 y\u0131l\u0131 a\u015fk\u0131n bir s\u00fcredir hizmet veriyorum. Kad\u0131n kuaf\u00f6r\u00fc olarak, m\u00fc\u015fterilerime en iyi deneyimi sunmay\u0131 hedefliyorum.<\/p><p>Kariyerime ba\u015flad\u0131\u011f\u0131m g\u00fcnden bu yana, sa\u00e7 tasar\u0131m\u0131n\u0131n yan\u0131 s\u0131ra manik\u00fcr, pedik\u00fcr ve a\u011fda gibi hizmetleri de b\u00fcy\u00fck bir titizlikle sunuyorum. Her m\u00fc\u015fterimin benzersiz oldu\u011funu biliyor ve onlara en uygun, en \u015f\u0131k \u00e7\u00f6z\u00fcmleri sunmak i\u00e7in \u00f6zenle \u00e7al\u0131\u015f\u0131yorum.<\/p><p>G\u00fcncel trendleri takip ederek, s\u00fcrekli kendimi geli\u015ftiriyor ve e\u011fitimler al\u0131yorum. Amac\u0131m, siz de\u011ferli m\u00fc\u015fterilerime en iyi hizmeti sunarak, kendinizi \u00f6zel hissetmenizi sa\u011flamak. G\u00fcler y\u00fczl\u00fc ekibimle birlikte, sizi salonumuzda a\u011f\u0131rlamaktan b\u00fcy\u00fck mutluluk duyaca\u011f\u0131z.<\/p>\t\t\t\t\t\t<\/div>\n\t\t\t\t<\/div>\n\t\t\t\t<\/div>\n\t\t\t\t\t<\/div>\n\t\t\t\t<\/div>\n\t\t\t\t<\/div>\n\t\t","protected":false},"excerpt":{"rendered":"<p>Kurumsal Merhaba, ben Esra Ercan. G\u00fczellik ve ki\u015fisel bak\u0131m alan\u0131nda 10 y\u0131l\u0131 a\u015fk\u0131n bir s\u00fcredir hizmet veriyorum. Kad\u0131n kuaf\u00f6r\u00fc olarak, m\u00fc\u015fterilerime en iyi deneyimi sunmay\u0131 hedefliyorum. Kariyerime ba\u015flad\u0131\u011f\u0131m g\u00fcnden bu yana, sa\u00e7 tasar\u0131m\u0131n\u0131n yan\u0131 s\u0131ra manik\u00fcr, pedik\u00fcr ve a\u011fda gibi hizmetleri de b\u00fcy\u00fck bir titizlikle sunuyorum. Her m\u00fc\u015fterimin benzersiz oldu\u011funu biliyor ve onlara en uygun, [&hellip;]<\/p>\n","protected":false},"author":1,"featured_media":0,"parent":0,"menu_order":0,"comment_status":"closed","ping_status":"closed","template":"elementor_header_footer","meta":{"footnotes":""},"class_list":["post-142","page","type-page","status-publish","hentry"],"yoast_head":"<!-- This site is optimized with the Yoast SEO plugin v23.6 - https:\/\/yoast.com\/wordpress\/plugins\/seo\/ -->\n<title>Kurumsal - Esra Ercan Bayan Kuaf\u00f6r\u00fc<\/title>\n<meta name=\"robots\" content=\"index, follow, max-snippet:-1, max-image-preview:large, max-video-preview:-1\" \/>\n<link rel=\"canonical\" href=\"https:\/\/esraercankuafor.com\/?page_id=142\" \/>\n<meta property=\"og:locale\" content=\"tr_TR\" \/>\n<meta property=\"og:type\" content=\"article\" \/>\n<meta property=\"og:title\" content=\"Kurumsal - Esra Ercan Bayan Kuaf\u00f6r\u00fc\" \/>\n<meta property=\"og:description\" content=\"Kurumsal Merhaba, ben Esra Ercan. G\u00fczellik ve ki\u015fisel bak\u0131m alan\u0131nda 10 y\u0131l\u0131 a\u015fk\u0131n bir s\u00fcredir hizmet veriyorum. Kad\u0131n kuaf\u00f6r\u00fc olarak, m\u00fc\u015fterilerime en iyi deneyimi sunmay\u0131 hedefliyorum. Kariyerime ba\u015flad\u0131\u011f\u0131m g\u00fcnden bu yana, sa\u00e7 tasar\u0131m\u0131n\u0131n yan\u0131 s\u0131ra manik\u00fcr, pedik\u00fcr ve a\u011fda gibi hizmetleri de b\u00fcy\u00fck bir titizlikle sunuyorum. Her m\u00fc\u015fterimin benzersiz oldu\u011funu biliyor ve onlara en uygun, [&hellip;]\" \/>\n<meta property=\"og:url\" content=\"https:\/\/esraercankuafor.com\/?page_id=142\" \/>\n<meta property=\"og:site_name\" content=\"Esra Ercan Bayan Kuaf\u00f6r\u00fc\" \/>\n<meta property=\"article:publisher\" content=\"http:\/\/instagram.com\/\" \/>\n<meta property=\"article:modified_time\" content=\"2024-10-09T15:49:28+00:00\" \/>\n<meta property=\"og:image\" content=\"https:\/\/esraercankuafor.com\/wp-content\/uploads\/2024\/10\/pngwing.com-29-1023x1536-1-682x1024.png\" \/>\n<meta name=\"twitter:card\" content=\"summary_large_image\" \/>\n<meta name=\"twitter:label1\" content=\"Tahmini okuma s\u00fcresi\" \/>\n\t<meta name=\"twitter:data1\" content=\"1 dakika\" \/>\n<script type=\"application\/ld+json\" class=\"yoast-schema-graph\">{\"@context\":\"https:\/\/schema.org\",\"@graph\":[{\"@type\":\"WebPage\",\"@id\":\"https:\/\/esraercankuafor.com\/?page_id=142\",\"url\":\"https:\/\/esraercankuafor.com\/?page_id=142\",\"name\":\"Kurumsal - Esra Ercan Bayan Kuaf\u00f6r\u00fc\",\"isPartOf\":{\"@id\":\"https:\/\/esraercankuafor.com\/#website\"},\"primaryImageOfPage\":{\"@id\":\"https:\/\/esraercankuafor.com\/?page_id=142#primaryimage\"},\"image\":{\"@id\":\"https:\/\/esraercankuafor.com\/?page_id=142#primaryimage\"},\"thumbnailUrl\":\"https:\/\/esraercankuafor.com\/wp-content\/uploads\/2024\/10\/pngwing.com-29-1023x1536-1-682x1024.png\",\"datePublished\":\"2024-10-09T15:33:57+00:00\",\"dateModified\":\"2024-10-09T15:49:28+00:00\",\"breadcrumb\":{\"@id\":\"https:\/\/esraercankuafor.com\/?page_id=142#breadcrumb\"},\"inLanguage\":\"tr\",\"potentialAction\":[{\"@type\":\"ReadAction\",\"target\":[\"https:\/\/esraercankuafor.com\/?page_id=142\"]}]},{\"@type\":\"ImageObject\",\"inLanguage\":\"tr\",\"@id\":\"https:\/\/esraercankuafor.com\/?page_id=142#primaryimage\",\"url\":\"https:\/\/esraercankuafor.com\/wp-content\/uploads\/2024\/10\/pngwing.com-29-1023x1536-1.png\",\"contentUrl\":\"https:\/\/esraercankuafor.com\/wp-content\/uploads\/2024\/10\/pngwing.com-29-1023x1536-1.png\",\"width\":1023,\"height\":1536},{\"@type\":\"BreadcrumbList\",\"@id\":\"https:\/\/esraercankuafor.com\/?page_id=142#breadcrumb\",\"itemListElement\":[{\"@type\":\"ListItem\",\"position\":1,\"name\":\"Anasayfa\",\"item\":\"https:\/\/esraercankuafor.com\/\"},{\"@type\":\"ListItem\",\"position\":2,\"name\":\"Kurumsal\"}]},{\"@type\":\"WebSite\",\"@id\":\"https:\/\/esraercankuafor.com\/#website\",\"url\":\"https:\/\/esraercankuafor.com\/\",\"name\":\"Esra Ercan Bayan Kuaf\u00f6r\u00fc\",\"description\":\"\",\"publisher\":{\"@id\":\"https:\/\/esraercankuafor.com\/#organization\"},\"alternateName\":\"Izm\u0131r Kad\u0131n Kuaf\u00f6r\u00fc\",\"potentialAction\":[{\"@type\":\"SearchAction\",\"target\":{\"@type\":\"EntryPoint\",\"urlTemplate\":\"https:\/\/esraercankuafor.com\/?s={search_term_string}\"},\"query-input\":{\"@type\":\"PropertyValueSpecification\",\"valueRequired\":true,\"valueName\":\"search_term_string\"}}],\"inLanguage\":\"tr\"},{\"@type\":\"Organization\",\"@id\":\"https:\/\/esraercankuafor.com\/#organization\",\"name\":\"Esra Ercan Bayan Kuaf\u00f6r\u00fc\",\"alternateName\":\"Izmir Kad\u0131n Kuaf\u00f6r\u00fc\",\"url\":\"https:\/\/esraercankuafor.com\/\",\"logo\":{\"@type\":\"ImageObject\",\"inLanguage\":\"tr\",\"@id\":\"https:\/\/esraercankuafor.com\/#\/schema\/logo\/image\/\",\"url\":\"https:\/\/esraercankuafor.com\/wp-content\/uploads\/2024\/10\/logo.png\",\"contentUrl\":\"https:\/\/esraercankuafor.com\/wp-content\/uploads\/2024\/10\/logo.png\",\"width\":300,\"height\":98,\"caption\":\"Esra Ercan Bayan Kuaf\u00f6r\u00fc\"},\"image\":{\"@id\":\"https:\/\/esraercankuafor.com\/#\/schema\/logo\/image\/\"},\"sameAs\":[\"http:\/\/instagram.com\/\"]}]}<\/script>\n<!-- \/ Yoast SEO plugin. -->","yoast_head_json":{"title":"Kurumsal - Esra Ercan Bayan Kuaf\u00f6r\u00fc","robots":{"index":"index","follow":"follow","max-snippet":"max-snippet:-1","max-image-preview":"max-image-preview:large","max-video-preview":"max-video-preview:-1"},"canonical":"https:\/\/esraercankuafor.com\/?page_id=142","og_locale":"tr_TR","og_type":"article","og_title":"Kurumsal - Esra Ercan Bayan Kuaf\u00f6r\u00fc","og_description":"Kurumsal Merhaba, ben Esra Ercan. G\u00fczellik ve ki\u015fisel bak\u0131m alan\u0131nda 10 y\u0131l\u0131 a\u015fk\u0131n bir s\u00fcredir hizmet veriyorum. Kad\u0131n kuaf\u00f6r\u00fc olarak, m\u00fc\u015fterilerime en iyi deneyimi sunmay\u0131 hedefliyorum. Kariyerime ba\u015flad\u0131\u011f\u0131m g\u00fcnden bu yana, sa\u00e7 tasar\u0131m\u0131n\u0131n yan\u0131 s\u0131ra manik\u00fcr, pedik\u00fcr ve a\u011fda gibi hizmetleri de b\u00fcy\u00fck bir titizlikle sunuyorum. Her m\u00fc\u015fterimin benzersiz oldu\u011funu biliyor ve onlara en uygun, [&hellip;]","og_url":"https:\/\/esraercankuafor.com\/?page_id=142","og_site_name":"Esra Ercan Bayan Kuaf\u00f6r\u00fc","article_publisher":"http:\/\/instagram.com\/","article_modified_time":"2024-10-09T15:49:28+00:00","og_image":[{"url":"https:\/\/esraercankuafor.com\/wp-content\/uploads\/2024\/10\/pngwing.com-29-1023x1536-1-682x1024.png"}],"twitter_card":"summary_large_image","twitter_misc":{"Tahmini okuma s\u00fcresi":"1 dakika"},"schema":{"@context":"https:\/\/schema.org","@graph":[{"@type":"WebPage","@id":"https:\/\/esraercankuafor.com\/?page_id=142","url":"https:\/\/esraercankuafor.com\/?page_id=142","name":"Kurumsal - Esra Ercan Bayan Kuaf\u00f6r\u00fc","isPartOf":{"@id":"https:\/\/esraercankuafor.com\/#website"},"primaryImageOfPage":{"@id":"https:\/\/esraercankuafor.com\/?page_id=142#primaryimage"},"image":{"@id":"https:\/\/esraercankuafor.com\/?page_id=142#primaryimage"},"thumbnailUrl":"https:\/\/esraercankuafor.com\/wp-content\/uploads\/2024\/10\/pngwing.com-29-1023x1536-1-682x1024.png","datePublished":"2024-10-09T15:33:57+00:00","dateModified":"2024-10-09T15:49:28+00:00","breadcrumb":{"@id":"https:\/\/esraercankuafor.com\/?page_id=142#breadcrumb"},"inLanguage":"tr","potentialAction":[{"@type":"ReadAction","target":["https:\/\/esraercankuafor.com\/?page_id=142"]}]},{"@type":"ImageObject","inLanguage":"tr","@id":"https:\/\/esraercankuafor.com\/?page_id=142#primaryimage","url":"https:\/\/esraercankuafor.com\/wp-content\/uploads\/2024\/10\/pngwing.com-29-1023x1536-1.png","contentUrl":"https:\/\/esraercankuafor.com\/wp-content\/uploads\/2024\/10\/pngwing.com-29-1023x1536-1.png","width":1023,"height":1536},{"@type":"BreadcrumbList","@id":"https:\/\/esraercankuafor.com\/?page_id=142#breadcrumb","itemListElement":[{"@type":"ListItem","position":1,"name":"Anasayfa","item":"https:\/\/esraercankuafor.com\/"},{"@type":"ListItem","position":2,"name":"Kurumsal"}]},{"@type":"WebSite","@id":"https:\/\/esraercankuafor.com\/#website","url":"https:\/\/esraercankuafor.com\/","name":"Esra Ercan Bayan Kuaf\u00f6r\u00fc","description":"","publisher":{"@id":"https:\/\/esraercankuafor.com\/#organization"},"alternateName":"Izm\u0131r Kad\u0131n Kuaf\u00f6r\u00fc","potentialAction":[{"@type":"SearchAction","target":{"@type":"EntryPoint","urlTemplate":"https:\/\/esraercankuafor.com\/?s={search_term_string}"},"query-input":{"@type":"PropertyValueSpecification","valueRequired":true,"valueName":"search_term_string"}}],"inLanguage":"tr"},{"@type":"Organization","@id":"https:\/\/esraercankuafor.com\/#organization","name":"Esra Ercan Bayan Kuaf\u00f6r\u00fc","alternateName":"Izmir Kad\u0131n Kuaf\u00f6r\u00fc","url":"https:\/\/esraercankuafor.com\/","logo":{"@type":"ImageObject","inLanguage":"tr","@id":"https:\/\/esraercankuafor.com\/#\/schema\/logo\/image\/","url":"https:\/\/esraercankuafor.com\/wp-content\/uploads\/2024\/10\/logo.png","contentUrl":"https:\/\/esraercankuafor.com\/wp-content\/uploads\/2024\/10\/logo.png","width":300,"height":98,"caption":"Esra Ercan Bayan Kuaf\u00f6r\u00fc"},"image":{"@id":"https:\/\/esraercankuafor.com\/#\/schema\/logo\/image\/"},"sameAs":["http:\/\/instagram.com\/"]}]}},"_links":{"self":[{"href":"https:\/\/esraercankuafor.com\/index.php?rest_route=\/wp\/v2\/pages\/142","targetHints":{"allow":["GET"]}}],"collection":[{"href":"https:\/\/esraercankuafor.com\/index.php?rest_route=\/wp\/v2\/pages"}],"about":[{"href":"https:\/\/esraercankuafor.com\/index.php?rest_route=\/wp\/v2\/types\/page"}],"author":[{"embeddable":true,"href":"https:\/\/esraercankuafor.com\/index.php?rest_route=\/wp\/v2\/users\/1"}],"replies":[{"embeddable":true,"href":"https:\/\/esraercankuafor.com\/index.php?rest_route=%2Fwp%2Fv2%2Fcomments&post=142"}],"version-history":[{"count":13,"href":"https:\/\/esraercankuafor.com\/index.php?rest_route=\/wp\/v2\/pages\/142\/revisions"}],"predecessor-version":[{"id":160,"href":"https:\/\/esraercankuafor.com\/index.php?rest_route=\/wp\/v2\/pages\/142\/revisions\/160"}],"wp:attachment":[{"href":"https:\/\/esraercankuafor.com\/index.php?rest_route=%2Fwp%2Fv2%2Fmedia&parent=142"}],"curies":[{"name":"wp","href":"https:\/\/api.w.org\/{rel}","templated":true}]}}